7?
15
Let i = 572 - 493. What is the remainder when 947 is divided by i?
78
Let p(r) = -r**3 - 12*r**2 + 9*r + 7. Let a = -47 + 34. What is the remainder when p(a) is divided by 10?
9
Let s(t) = -t**2 - 10*t + 26. Let n be s(-12). Calculate the remainder when 56 is divided by (n/6)/(3/18) + 13.
11
What is the remainder when (0*(-2)/(-10))/(-4) + 65 is divided by 27?
11
Let l be 5 + -9 + (-7)/(-1). Suppose l - 13 = -5*s, -s = 3*j + 4. What is the remainder when ((-102)/(-10))/(j/(-10)) is divided by 13?
12
Let u = 1684 + -1663. Calculate the remainder when 545 is divided by u.
20
Let m be 3*(1 - 10/(-3)). Let x = m - 11. Suppose 0*i + x*i = 5*n - 106, 0 = -5*n - 5*i + 120. Calculate the remainder when n is divided by 12.
10
Let y be (-2)/3 + 88/6. Let h = 28 - y. Let r = -131 - -172. What is the remainder when r is divided by h?
13
Let h = 174 + -99. What is the remainder when h is divided by ((-10 - -13) + -29)/((-2)/2)?
23
Let t = -19 - -38. Suppose -131 = -9*h - 860. Let n = h - -116. What is the remainder when n is divided by t?
16
Let g(l) = -2*l + 46. Calculate the remainder when g(-34) is divided by 15.
9
Suppose 4*d + 5*u = 8*u + 40, 0 = u. Suppose -2*p + 0 + 36 = 0. Calculate the remainder when p is divided by d.
8
Let y(z) = 64*z + 0*z**2 - z**3 - 63*z + 9*z**2 + 4. What is the remainder when y(7) is divided by 22?
21
Let o = -408 + 511. Calculate the remainder when o is divided by 26.
25
Let k(u) = -u - 7. Let j be k(-10). Suppose -10 = 2*p, -j*p + 6 = g + 1. Suppose 13*h - 11 = 12*h. Calculate the remainder when g is divided by h.
9
Suppose 1631*w + 500 = 1636*w. Calculate the remainder when w is divided by 22.
12
Let r(v) = v**2 - 6*v + 3. Suppose -2*j + 11 = -1. Let i be r(j). Suppose -i*z - 10 = y, 0*z - 3*z + 5 = 4*y. Calculate the remainder when 7 is divided by y.
2
Let a = 837 - 809. Let c be 3/((-6)/(-4)) - 2. Suppose c = -5*u + 2*y + 32, 0 = 3*u + 5*y - 22 - 22. Calculate the remainder when a is divided by u.
4
Suppose 2*y + 4*s - 154 = 0, 5*y - 4*s - 325 = -2*s. Calculate the remainder when y is divided by 25.
17
Suppose 7*p - 12 = 4*p. Suppose p*j + 5*j = 144. Calculate the remainder when j is divided by 10.
6
Suppose 42 = 2*a + 2*l, 0*a + 57 = 2*a + 5*l. Calculate the remainder when 43 is divided by a.
11
Calculate the remainder when 68 is divided by (65/4 - 130/104) + 4.
11
Suppose -115*r + 357 = -1368. Suppose 0 = -2*i + 5*i - 264. Calculate the remainder when i is divided by r.
13
Suppose 25*j = 279 + 121. Calculate the remainder when 1551 is divided by j.
15
Let b = 623 - 619. Calculate the remainder when b is divided by 4.
0
Calculate the remainder when 190 - (1 + 0 + 5) is divided by 12.
4
Suppose -6 + 54 = 3*f. Let g be 53/2 - f/(-32). What is the remainder when -2*(3 - g/2) is divided by 12?
9
Let u(b) = b + 6. Calculate the remainder when u(7) is divided by (14/(-3))/(4/(-6)).
6
Suppose -2*f - 928 = -6*f. Suppose -4*q + 28 = -f. Let w = 1064 - 1031. Calculate the remainder when q is divided by w.
32
Suppose -84 = -3*l - 57. What is the remainder when l is divided by 4?
1
Let o(k) = 3*k + 23. Let m be o(-6). Suppose 5*n = -5*t + 35, -2*t - 4*n - 28 = -m*t. What is the remainder when 21 is divided by t?
5
Let p(i) = -7*i + 15 - 2*i**3 - 14*i**2 + 5*i**3 - 4*i**3 + 5*i**2. Let q = -16 + 25. What is the remainder when q is divided by p(-8)?
2
Let s(q) = 3*q + q**2 + 2*q**2 + 0*q**2. Let i be s(-3). Suppose -4*o + 15 - 104 = -5*z, -o - i = -z. What is the remainder when 50 is divided by z?
16
What is the remainder when (-4)/6 - 80/(-3) is divided by ((-1281)/(-366))/(((-3)/4)/(-3))?
12
Let s = 7 + 2. Let z(x) = -x**3 + 5*x**2 - 7*x + 7. Let p be z(5). Let m = 71 + p. Calculate the remainder when m is divided by s.
7
Suppose 0 = k + k - 6. Suppose 8*x - 157 = k. Calculate the remainder when 77 is divided by x.
17
Let c = -3 - -10. Suppose -43 = -7*m - 323. Calculate the remainder when m/(-3)*36/24 is divided by c.
6
Suppose 2*q = -2*q + 400. Let m(u) = 24*u - 14. Suppose -50 = -x - 24*x. Calculate the remainder when q is divided by m(x).
32
Let c = 28 - 17. Suppose -2*v = -97 + 31. Let f = 52 - v. Calculate the remainder when f is divided by c.
8
Suppose -2*s = -2*d - 154, -3*s - 12*d + 16*d = -226. What is the remainder when s is divided by 12?
10
Let o(u) = 4*u - 48. What is the remainder when 160 is divided by o(24)?
16
Calculate the remainder when 30 is divided by ((-3)/2)/((-9)/48).
6
Let y(u) = 6*u**2 + 24*u - 145. What is the remainder when y(5) is divided by (-1)/3*8*-12?
29
Suppose 5*b + 33 = -p + 117, 0 = 2*b + 4*p - 30. Let m(g) = g**2 - 100. Let y be m(0). Calculate the remainder when (0 + 4)/((-8)/y) is divided by b.
16
Suppose 8 = -3*z + 20. Let q(d) = -d**2 + 16*d - 21. Let p be q(10). Calculate the remainder when 1/(z/(p + -3)) is divided by 3.
0
Suppose 3*q - 19 - 8 = 0. Calculate the remainder when 177 is divided by q.
6
Let n(a) = a**3 - a**2 + 4*a + 5. Let x(r) = 2*r**3 - 3*r**2 + 8*r + 10. Let m(p) = -7*n(p) + 3*x(p). What is the remainder when m(-4) is divided by 9?
7
Suppose -y = 4*s - 6*s - 5, 3*s - 20 = -y. Let p be ((-120)/(-18))/(1/(-6)). Let o = p - -57. What is the remainder when o is divided by y?
6
Suppose 0*d + 22 = -k - 5*d, -4*k - 4 = -d. Let y(r) = -7*r - 2. Calculate the remainder when k + (-27)/(-12) - (-223)/4 is divided by y(-3).
18
Let z(y) = 4*y. Suppose t + 4*t - 87 = n, 2*t = -n + 32. Calculate the remainder when z(8) is divided by t.
15
Suppose -m = 2*d - 214, 2*m - 2 = 2. What is the remainder when (-1 + 0)*d/(-2) is divided by 19?
15
Suppose -5*v + 3*z = -2*v - 18, 0 = -v - 3*z + 2. Let s = 4 + v. Calculate the remainder when s is divided by -9 - -13 - (1 - 1)/1.
1
Suppose -3*a + 179 = 4*g, -4*g = -2*a - 76 - 98. What is the remainder when g is divided by 25?
19
Let t = -9 + 14. What is the remainder when 42 is divided by t?
2
Let g(n) = 2*n - 11. Let s(r) = -36*r + 985. Calculate the remainder when s(27) is divided by g(9).
6
Calculate the remainder when (-1 + 4/2)*83 is divided by 21.
20
Suppose -4886 = -31*t + 880. What is the remainder when t is divided by 12?
6
Let a = 35 + -32. Suppose -3*n - 4*h + h = -36, a*n = 2*h + 26. What is the remainder when 48 is divided by n?
8
Let l = 4 + -2. Let a = 5 + l. Let y = 13 - a. What is the remainder when y is divided by 3?
0
Let h(y) = -10*y - 10. What is the remainder when 77 is divided by h(-3)?
17
Let t = -34 - -5. Let m = 48 + t. Suppose -21*b - 50 = -26*b - 5*x, -b = -4*x - 10. Calculate the remainder when m is divided by b.
9
Let b(c) = 13*c**2 - 12*c - 1. Let r(k) = 7*k**2 - 6*k - 1. Let j(t) = -6*b(t) + 11*r(t). Calculate the remainder when 10 is divided by j(3).
2
Let y(k) = 2*k + 9. Let a be y(-7). What is the remainder when a/2*(-456)/30 is divided by 10?
8
Let y(a) = a**3 + 16*a**2 + 19*a - 65. What is the remainder when y(-9) is divided by 28?
23
Let n be (-30)/24 + 1 - (-49)/4. Suppose q - d - n = 17, -2*d + 17 = q. What is the remainder when q is divided by 13?
12
Let g = 26 + -24. Let r be (-1)/(178/90 - g). Calculate the remainder when 3357/r - (-2)/5 is divided by 19.
18
Let i(g) = -g**3 + 6*g**2 + 16*g + 5. Let m be i(14). Calculate the remainder when 33 is divided by (-1)/6 + m/(-78).
16
Suppose 3*x + x - 16 = 2*g, -4*x - 3*g = -16. Suppose -13 = -x*y + 23. Calculate the remainder when y is divided by 3.
0
Suppose -7*z + 3*z - 4 = 0, 0 = 5*p + 4*z - 26. Calculate the remainder when 123 is divided by p.
3
Suppose -12*o + 805 = -5*o. Let y = o - 5. What is the remainder when y is divided by 28?
26
Calculate the remainder when 264 is divided by 8/14 - (1100/(-35) + 5).
21
Let q be ((-4)/(-8))/(1/(-28)). What is the remainder when 7/(q/(-24)) - -3 is divided by 8?
7
Let t(i) = 3*i**2 + i + 3. Suppose 12*b = 77 + 67. Calculate the remainder when t(-4) is divided by b.
11
Suppose -2*j + 8*j = 0, 2*n - 3*j = 236. Calculate the remainder when n is divided by 21.
13
Suppose -3*y + 37 = b, 2*y - 14 = -b + 18. Suppose 7*h - 41 - b = 0. What is the remainder when 25 is divided by h?
7
Let n = 688 - 680. Let o(c) = 0*c + 9*c + 2*c**2 + 7 - c. Calculate the remainder when o(-6) is divided by n.
7
Suppose 216 = 2*i + 2*i. Suppose -24 = 5*u - k, u + 0*u = -k. What is the remainder when i is divided by -14*(8/u)/2?
12
Le